 -v**2 + 14*v - 9. Calculate the remainder when 59 is divided by o(12).
14
Let w = 0 - -11. Suppose -2*m + 3*a = -102, m - 200 = -3*m + 4*a. Suppose -4*k - 20 = 0, -m + 188 = 5*z + 3*k. What is the remainder when z is divided by w?
9
Let g = 29 + -9. Calculate the remainder when 58 is divided by g.
18
Let g = -96 - -171. Calculate the remainder when 1 + 0 + g/5 is divided by 9.
7
Let a(u) = 9*u + 13. What is the remainder when a(4) is divided by 11?
5
Let l be (-1)/3*-3*0. Let g = 4 - l. Suppose 63 = 2*d - j, 5*d - 48 = 3*d + g*j. Calculate the remainder when d is divided by 18.
16
Let h = -15 + 3. Calculate the remainder when 24 is divided by 18/h*(-52)/6.
11
Let w = -3 + 5. Suppose 0*b - w*b + 40 = 0. Calculate the remainder when b is divided by 11.
9
Let k = 4 - -48. Calculate the remainder when k is divided by 14.
10
Let h(i) = -2*i**3 - 3*i**2 + 4*i + 2. Calculate the remainder when h(-3) is divided by 4.
1
Let j = -39 - -59. Calculate the remainder when j is divided by 13.
7
Let f be 2 + -3 + 5 - -2. Calculate the remainder when 12 is divided by f*(-4)/8 - -8.
2
Suppose -2*h - 27 - 41 = 0. Let u = 49 + h. Calculate the remainder when u/10*(-100)/(-6) is divided by 9.
7
Suppose 0*o = o. Let m = 1 + o. What is the remainder when m is divided by -2 + -2 - (2 - (-7)/(-1))?
0
Let w = 34 + -9. What is the remainder when 97 is divided by w?
22
Let a(b) = -68*b**3 - b**2 + 1. Suppose -4*s = s - 90. Calculate the remainder when a(-1) is divided by s.
14
Suppose 0 = -4*k - 4*t + 16, 0*k - 2*k + 5*t + 36 = 0. What is the remainder when 93/6 + 2/(-4) is divided by k?
7
Let i(v) = -3*v**2 + v + 4. Let s be i(5). Let t = -23 - s. Calculate the remainder when t is divided by 15.
13
Let f(h) = h**3 - h. Let r be f(0). Let c = 7 - r. Suppose -3*d - 12 = -c*d. What is the remainder when d is divided by 2?
1
Suppose -30 = -3*n + n. Calculate the remainder when ((-36)/n)/(4/(-70)) is divided by 11.
9
Let t be (-414)/(-15) + (-4)/(-10). Calculate the remainder when 0*2/4 + t is divided by 15.
13
Let f(s) = 2*s**2 + 2*s + 2. Let x be f(-2). Let n(j) = -j**2 + 8*j + 5. What is the remainder when n(x) is divided by 9?
8
Let i(k) = -k**3 - 6*k**2 + 6*k - 2. What is the remainder when 0/(1 + 2) + 12 is divided by i(-7)?
2
Let c(i) = i**2 - 4*i - 8. Suppose 0 = 4*b - 48 + 8. Calculate the remainder when b is divided by c(6).
2
Let i be (8/10)/((-2)/(-25)). Suppose -2*t = 5*u - i, -3*u - 2*u + 10 = 5*t. Calculate the remainder when (-150)/(-8) + u/8 is divided by 10.
9
Suppose 3*f + 6 = 0, 2*d - 1 = -2*f + 39. Let i(q) = q + 6. What is the remainder when d is divided by i(6)?
10
Calculate the remainder when (-5)/(10/(-4)) - -44 is divided by 36/15*60/9.
14
Suppose 7*l - 24 = 3*l - 4*r, -3*r + 17 = 2*l. What is the remainder when l is divided by 6/14 + 24/42?
0
Calculate the remainder when 75 is divided by 2 + (-21)/(-2) - (-6)/12.
10
Suppose -798 = -6*k - 66. Calculate the remainder when k is divided by 41.
40
Suppose -2*n - 5 = 3. Let u be (-1)/2*n*6. Let m = 22 - u. What is the remainder when 18 is divided by m?
8
Let w(c) = 4*c - 5. Let k be w(2). Suppose k*g - 99 = -4*z, g + 3*g = 3*z - 43. What is the remainder when z is divided by 11?
10
Let a(y) = 4 + 3 + 5*y + 9 - 12. Let r = -28 - -39. Calculate the remainder when a(3) is divided by r.
8
Let g be 1/(1*1/5). Suppose g*d = 2*m + 28, -d = 3*m - m + 4. What is the remainder when 8/(-20) - (-37)/5 is divided by d?
3
Let i = 8 - 23. What is the remainder when 3 is divided by (9/i)/((-2)/10)?
0
Suppose -4*g - 2*t + 3*t + 74 = 0, -2*t + 61 = 3*g. What is the remainder when 131 is divided by g?
17
Suppose 3*x - 40 = 2*x. Suppose 0*b - 3*w = -5*b + x, -3*b + 30 = -3*w. Suppose 2*f - 42 = -f. What is the remainder when f is divided by b?
4
Suppose -4*l + 4*z + 8 = -6*l, z - 7 = 4*l. Suppose -u + 18 = 5. What is the remainder when u is divided by 7/(l*1 + 3)?
6
Suppose -g - 5*o = -6, o + 9 + 21 = g. Let r = g + -17. Calculate the remainder when r is divided by 6.
3
Let b(r) = -r**2 - 10*r + 16. Let w be (-11)/(-2)*(3 + -5). What is the remainder when 13 is divided by b(w)?
3
Suppose 27 = 3*x - 0*x. What is the remainder when 35 is divided by x?
8
Suppose -8*n = -2*n - 210. Let o = n - -24. What is the remainder when o is divided by 15?
14
Let z(j) = 29*j + 1. Calculate the remainder when z(2) is divided by 15.
14
Suppose -3*a + 5*p + 429 = 0, -p + 5*p = a - 143. Calculate the remainder when a is divided by 24.
23
Let x = -106 + 117. What is the remainder when 42 is divided by x?
9
Suppose t = -0*t + 3*t. Suppose 4 = 3*r + r. What is the remainder when 2 is divided by -2 + (t - r) + 4?
0
Suppose -17*y = -549 - 1474. Calculate the remainder when y is divided by 31.
26
Suppose -a - 4*t + 4 = 23, 5 = -5*a - 2*t. Suppose 2*j = 3 + 7. Let g = -4 + j. Calculate the remainder when g is divided by a.
0
Suppose 4*z = -4*m - 64, -4*m - 23 = -z + 51. Let h = 29 + m. Calculate the remainder when h is divided by 3.
2
Let r = -135 + 156. What is the remainder when 62 is divided by r?
20
Let l(v) = -10*v + 2. Suppose -3*i = -i. Suppose i = -3*d + 32 + 4. Calculate the remainder when l(-2) is divided by d.
10
Let w(k) = -k**2 + 3*k + 28. Let a = 130 - 49. Calculate the remainder when a is divided by w(0).
25
Let w = -2 + -8. Let t = w - -21. Let c = -11 - -43. What is the remainder when c is divided by t?
10
Let c = -19 - -39. Let t(p) = -37*p**3 + p**2. Let h be t(-1). Suppose 3*k + h = 4*k. Calculate the remainder when k is divided by c.
18
Let n(r) = 12*r**2 - 4*r + 5. What is the remainder when n(2) is divided by 16?
13
Suppose -3*v + v = -6. Suppose w - v*w = -120. What is the remainder when w is divided by 16?
12
Let f = -1 + 23. Let z = -14 + 31. Let y = -9 + z. What is the remainder when f is divided by y?
6
Suppose 0 = 3*z + d - 8, -3*d + 10 = 2*d. What is the remainder when 6 is divided by z?
0
What is the remainder when ((-2)/2)/((-1)/13) is divided by (7/(-11))/((-23)/253)?
6
Let j(w) = -w**3 - 8*w**2 + 7*w - 1. What is the remainder when 82 is divided by j(-9)?
14
Suppose 9 + 33 = -f. Let y = f - -73. Calculate the remainder when y is divided by 16.
15
Let y be (-30)/(-3)*(-4)/10. Let g be -2 - ((-4)/2 + -14). Let t = g - y. What is the remainder when 35 is divided by t?
17
Let g = -9 + 22. Let o = -9 + g. Suppose -15 = -o*t + 3*t. What is the remainder when t is divided by 4?
3
Let y(a) = 4*a. Let c be y(11). Suppose v + 4*x - c = 0, v - 3*x = 2*v - 44. What is the remainder when v is divided by 15?
14
Let p(u) = -10*u. What is the remainder when p(-3) is divided by 11?
8
Let n = 97 + -61. What is the remainder when n is divided by 13?
10
Let g(q) = -q**3 - 5*q**2 - 4*q - 12. Let y(t) = 2*t**3 + 9*t**2 + 7*t + 25. Let x(z) = -9*g(z) - 4*y(z). What is the remainder when x(-8) is divided by 3?
2
Let l = 18 + 1. Calculate the remainder when 50 is divided by l.
12
Let g(h) = -h**3 - 8*h**2 + 9*h. Let r be g(-9). Let i = 1 + r. Calculate the remainder when (i/2)/((-4)/(-296)) is divided by 13.
11
Let y = 13 + -8. Let a be (-436)/20 - 1/y. Let k = -16 - a. Calculate the remainder when k is divided by 3.
0
Let i = 54 - 33. Suppose 4*p + 1 = i. Suppose -3*q - 6 + 27 = 0. Calculate the remainder when q is divided by p.
2
Suppose -2*w = -3*w + 15. Suppose -475 - 77 = 4*m + 2*j, 5*m = 5*j - 675. Let n = -94 - m. What is the remainder when n is divided by w?
13
Suppose -4*d = -n - 1 + 2, 15 = 5*d. Suppose -52 = -n*k + 9*k. Let j(y) = 10*y**2 - y. What is the remainder when j(2) is divided by k?
12
Let u = -15 + 17. Suppose -16 = -u*r + 10. Suppose 3*h = -3*f + 108, 2*h = -4*f + 112 + 34. What is the remainder when f is divided by r?
11
Calculate the remainder when ((-24)/9)/((-4)/18) is divided by 4.
0
Suppose 39 = -4*o + o. Let w = o - -21. Suppose 2*n + 32 = 2*b, 4*b + 0*n - n = 58. Calculate the remainder when b is divided by w.
6
Let x = -8 - -15. Suppose -3*f + 52 = -4*a, 2*a + 1 = 5. Calculate the remainder when f is divided by x.
6
Suppose -4*d = -0*d + 12. Let m be 9/((-1)/((-9)/(-3))). Calculate the remainder when (d - m) + (2 - 1) is divided by 9.
7
Suppose 14 + 6 = 5*k. Suppose 0 = -5*q - 4*y, 0*q + 2*y + 6 = -q. Suppose -4*d + q*v + 104 = 0, k*v + 15 - 3 = 0. What is the remainder when 67 is divided by d?
21
Suppose